[INFO] cloning repository https://github.com/Vergeer/cs-iron
[INFO] running `Command { std: "git" "-c" "credential.helper=" "-c" "credential.helper=/workspace/cargo-home/bin/git-credential-null" "clone" "--bare" "https://github.com/Vergeer/cs-iron" "/workspace/cache/git-repos/https%3A%2F%2Fgithub.com%2FVergeer%2Fcs-iron", kill_on_drop: false }`
[INFO] [stderr] Cloning into bare repository '/workspace/cache/git-repos/https%3A%2F%2Fgithub.com%2FVergeer%2Fcs-iron'...
[INFO] running `Command { std: "git" "rev-parse" "HEAD", kill_on_drop: false }`
[INFO] [stdout] 1ff9cd46792f3f87a9e5bfec7c307b11e9173908
[INFO] checking Vergeer/cs-iron against master#af3c6e733a40e671550e0f0f5aeecaa13772ba56 for pr-74989
[INFO] running `Command { std: "git" "clone" "/workspace/cache/git-repos/https%3A%2F%2Fgithub.com%2FVergeer%2Fcs-iron" "/workspace/builds/worker-8/source", kill_on_drop: false }`
[INFO] [stderr] Cloning into '/workspace/builds/worker-8/source'...
[INFO] [stderr] done.
[INFO] [stderr] Checking out files:  86% (246/286)   
Checking out files:  87% (249/286)   
Checking out files:  88% (252/286)   
Checking out files:  89% (255/286)   
Checking out files:  90% (258/286)   
Checking out files:  91% (261/286)   
Checking out files:  92% (264/286)   
Checking out files:  93% (266/286)   
Checking out files:  94% (269/286)   
Checking out files:  95% (272/286)   
Checking out files:  96% (275/286)   
Checking out files:  97% (278/286)   
Checking out files:  98% (281/286)   
Checking out files:  99% (284/286)   
Checking out files: 100% (286/286)   
Checking out files: 100% (286/286), done.
[INFO] validating manifest of git repo https://github.com/Vergeer/cs-iron on toolchain af3c6e733a40e671550e0f0f5aeecaa13772ba56
[INFO] running `Command { std: "/workspace/cargo-home/bin/cargo" "+af3c6e733a40e671550e0f0f5aeecaa13772ba56" "read-manifest" "--manifest-path" "Cargo.toml", kill_on_drop: false }`
[INFO] started tweaking git repo https://github.com/Vergeer/cs-iron
[INFO] finished tweaking git repo https://github.com/Vergeer/cs-iron
[INFO] tweaked toml for git repo https://github.com/Vergeer/cs-iron written to /workspace/builds/worker-8/source/Cargo.toml
[INFO] crate git repo https://github.com/Vergeer/cs-iron already has a lockfile, it will not be regenerated
[INFO] running `Command { std: "/workspace/cargo-home/bin/cargo" "+af3c6e733a40e671550e0f0f5aeecaa13772ba56" "fetch" "--locked" "--manifest-path" "Cargo.toml", kill_on_drop: false }`
[INFO] [stderr] error: the lock file /workspace/builds/worker-8/source/Cargo.lock needs to be updated but --locked was passed to prevent this
[INFO] [stderr] If you want to try to generate the lock file without accessing the network, use the --offline flag.
[INFO] the lockfile is outdated, regenerating it
[INFO] running `Command { std: "/workspace/cargo-home/bin/cargo" "+af3c6e733a40e671550e0f0f5aeecaa13772ba56" "generate-lockfile" "--manifest-path" "Cargo.toml" "-Zno-index-update", kill_on_drop: false }`
[INFO] running `Command { std: "/workspace/cargo-home/bin/cargo" "+af3c6e733a40e671550e0f0f5aeecaa13772ba56" "fetch" "--locked" "--manifest-path" "Cargo.toml", kill_on_drop: false }`
[INFO] running `Command { std: "docker" "create" "-v" "/var/lib/crater-agent-workspace/builds/worker-8/target:/opt/rustwide/target:rw,Z" "-v" "/var/lib/crater-agent-workspace/builds/worker-8/source:/opt/rustwide/workdir:ro,Z" "-v" "/var/lib/crater-agent-workspace/cargo-home:/opt/rustwide/cargo-home:ro,Z" "-v" "/var/lib/crater-agent-workspace/rustup-home:/opt/rustwide/rustup-home:ro,Z" "-e" "SOURCE_DIR=/opt/rustwide/workdir" "-e" "CARGO_TARGET_DIR=/opt/rustwide/target" "-e" "CARGO_HOME=/opt/rustwide/cargo-home" "-e" "RUSTUP_HOME=/opt/rustwide/rustup-home" "-w" "/opt/rustwide/workdir" "-m" "1610612736" "--user" "0:0" "--network" "none" "rustops/crates-build-env@sha256:d92eaeed33fa75130ca1ee6c8a01d1ffb62bac859dfdfb3450e3e5d1c0146529" "/opt/rustwide/cargo-home/bin/cargo" "+af3c6e733a40e671550e0f0f5aeecaa13772ba56" "metadata" "--no-deps" "--format-version=1", kill_on_drop: false }`
[INFO] [stderr] WARNING: Your kernel does not support swap limit capabilities or the cgroup is not mounted. Memory limited without swap.
[INFO] [stdout] becb5f58d6ed76aa9dfa595684416244cdd2b76cd0a95b5b58bfcabbeba74cdb
[INFO] running `Command { std: "docker" "start" "-a" "becb5f58d6ed76aa9dfa595684416244cdd2b76cd0a95b5b58bfcabbeba74cdb", kill_on_drop: false }`
[INFO] running `Command { std: "docker" "inspect" "becb5f58d6ed76aa9dfa595684416244cdd2b76cd0a95b5b58bfcabbeba74cdb", kill_on_drop: false }`
[INFO] running `Command { std: "docker" "rm" "-f" "becb5f58d6ed76aa9dfa595684416244cdd2b76cd0a95b5b58bfcabbeba74cdb", kill_on_drop: false }`
[INFO] [stdout] becb5f58d6ed76aa9dfa595684416244cdd2b76cd0a95b5b58bfcabbeba74cdb
[INFO] running `Command { std: "docker" "create" "-v" "/var/lib/crater-agent-workspace/builds/worker-8/target:/opt/rustwide/target:rw,Z" "-v" "/var/lib/crater-agent-workspace/builds/worker-8/source:/opt/rustwide/workdir:ro,Z" "-v" "/var/lib/crater-agent-workspace/cargo-home:/opt/rustwide/cargo-home:ro,Z" "-v" "/var/lib/crater-agent-workspace/rustup-home:/opt/rustwide/rustup-home:ro,Z" "-e" "SOURCE_DIR=/opt/rustwide/workdir" "-e" "CARGO_TARGET_DIR=/opt/rustwide/target" "-e" "CARGO_INCREMENTAL=0" "-e" "RUST_BACKTRACE=full" "-e" "RUSTFLAGS=--cap-lints=forbid" "-e" "CARGO_HOME=/opt/rustwide/cargo-home" "-e" "RUSTUP_HOME=/opt/rustwide/rustup-home" "-w" "/opt/rustwide/workdir" "-m" "1610612736" "--user" "0:0" "--network" "none" "rustops/crates-build-env@sha256:d92eaeed33fa75130ca1ee6c8a01d1ffb62bac859dfdfb3450e3e5d1c0146529" "/opt/rustwide/cargo-home/bin/cargo" "+af3c6e733a40e671550e0f0f5aeecaa13772ba56" "check" "--frozen" "--all" "--all-targets" "--message-format=json", kill_on_drop: false }`
[INFO] [stderr] WARNING: Your kernel does not support swap limit capabilities or the cgroup is not mounted. Memory limited without swap.
[INFO] [stdout] c46dcef3be9ed1942a7cdb909a682c29ace7ad130ca517893d57b60a32d979d5
[INFO] running `Command { std: "docker" "start" "-a" "c46dcef3be9ed1942a7cdb909a682c29ace7ad130ca517893d57b60a32d979d5", kill_on_drop: false }`
[INFO] [stderr]    Compiling version_check v0.1.5
[INFO] [stderr]    Compiling autocfg v0.1.7
[INFO] [stderr]    Compiling rand_core v0.4.2
[INFO] [stderr]    Compiling libc v0.2.77
[INFO] [stderr]    Compiling siphasher v0.2.3
[INFO] [stderr]    Compiling log v0.4.11
[INFO] [stderr]     Checking cfg-if v0.1.10
[INFO] [stderr]     Checking traitobject v0.1.0
[INFO] [stderr]     Checking matches v0.1.8
[INFO] [stderr]    Compiling httparse v1.3.4
[INFO] [stderr]     Checking percent-encoding v1.0.1
[INFO] [stderr]     Checking safemem v0.3.3
[INFO] [stderr]     Checking language-tags v0.2.2
[INFO] [stderr]     Checking typeable v0.1.2
[INFO] [stderr]    Compiling proc-macro2 v1.0.21
[INFO] [stderr]     Checking modifier v0.1.0
[INFO] [stderr]    Compiling serde v1.0.116
[INFO] [stderr]    Compiling syn v1.0.40
[INFO] [stderr]     Checking itoa v0.4.6
[INFO] [stderr]     Checking sequence_trie v0.3.6
[INFO] [stderr]     Checking quick-error v2.0.0
[INFO] [stderr]     Checking route-recognizer v0.1.13
[INFO] [stderr]     Checking rustc-serialize v0.3.24
[INFO] [stderr]     Checking ssmtp v1.0.1
[INFO] [stderr]     Checking unicode-bidi v0.3.4
[INFO] [stderr]     Checking unsafe-any v0.4.2
[INFO] [stderr]    Compiling rand_core v0.3.1
[INFO] [stderr]    Compiling rand_jitter v0.1.4
[INFO] [stderr]     Checking typemap v0.3.3
[INFO] [stderr]     Checking base64 v0.9.3
[INFO] [stderr]    Compiling rand_xorshift v0.1.1
[INFO] [stderr]    Compiling rand_hc v0.1.0
[INFO] [stderr]    Compiling rand_isaac v0.1.1
[INFO] [stderr]     Checking plugin v0.2.6
[INFO] [stderr]     Checking idna v0.1.5
[INFO] [stderr]    Compiling unicase v1.4.2
[INFO] [stderr]     Checking log v0.3.9
[INFO] [stderr]    Compiling rand_chacha v0.1.1
[INFO] [stderr]    Compiling rand_pcg v0.1.2
[INFO] [stderr]    Compiling rand v0.6.5
[INFO] [stderr]     Checking mime v0.2.6
[INFO] [stderr]     Checking url v1.7.2
[INFO] [stderr]    Compiling phf_shared v0.7.24
[INFO] [stderr]    Compiling phf v0.7.24
[INFO] [stderr]    Compiling quote v1.0.7
[INFO] [stderr]    Compiling rand_os v0.1.3
[INFO] [stderr]     Checking num_cpus v1.13.0
[INFO] [stderr]     Checking time v0.1.44
[INFO] [stderr]     Checking hyper v0.10.16
[INFO] [stderr]    Compiling phf_generator v0.7.24
[INFO] [stderr]    Compiling phf_codegen v0.7.24
[INFO] [stderr]    Compiling mime_guess v1.8.8
[INFO] [stderr]    Compiling pest_generator v2.1.3
[INFO] [stderr]     Checking iron v0.6.1
[INFO] [stderr]     Checking persistent v0.4.0
[INFO] [stderr]     Checking mount v0.4.0
[INFO] [stderr]     Checking router v0.6.0
[INFO] [stderr]     Checking staticfile v0.5.0
[INFO] [stderr]    Compiling pest_derive v2.1.0
[INFO] [stderr]     Checking serde_json v1.0.57
[INFO] [stderr]     Checking handlebars v3.4.0
[INFO] [stderr]     Checking bodyparser v0.8.0
[INFO] [stderr]     Checking urlencoded v0.6.0
[INFO] [stderr]     Checking handlebars-iron v0.29.0
[INFO] [stderr]     Checking cs-iron v1.0.0 (/opt/rustwide/workdir)
[INFO] [stdout] error[E0061]: this function takes 3 arguments but 2 arguments were supplied
[INFO] [stdout]   --> src/main.rs:99:12
[INFO] [stdout]    |
[INFO] [stdout] 99 |     router.get("/", index).get("/contact", contact).post("/confirmation", confirmation ).get("/about", about);
[INFO] [stdout]    |            ^^^ ---  ----- supplied 2 arguments
[INFO] [stdout]    |            |
[INFO] [stdout]    |            expected 3 arguments
[INFO] [stdout] 
[INFO] [stdout] 
[INFO] [stdout] error[E0061]: this function takes 3 arguments but 2 arguments were supplied
[INFO] [stdout]   --> src/main.rs:99:28
[INFO] [stdout]    |
[INFO] [stdout] 99 |     router.get("/", index).get("/contact", contact).post("/confirmation", confirmation ).get("/about", about);
[INFO] [stdout]    |                            ^^^ ----------  ------- supplied 2 arguments
[INFO] [stdout]    |                            |
[INFO] [stdout]    |                            expected 3 arguments
[INFO] [stdout] 
[INFO] [stdout] 
[INFO] [stdout] error[E0061]: this function takes 3 arguments but 2 arguments were supplied
[INFO] [stdout]   --> src/main.rs:99:53
[INFO] [stdout]    |
[INFO] [stdout] 99 |     router.get("/", index).get("/contact", contact).post("/confirmation", confirmation ).get("/about", about);
[INFO] [stdout]    |                                                     ^^^^ ---------------  ------------ supplied 2 arguments
[INFO] [stdout]    |                                                     |
[INFO] [stdout]    |                                                     expected 3 arguments
[INFO] [stdout] 
[INFO] [stdout] 
[INFO] [stdout] error[E0061]: this function takes 3 arguments but 2 arguments were supplied
[INFO] [stdout]   --> src/main.rs:99:90
[INFO] [stdout]    |
[INFO] [stdout] 99 |     router.get("/", index).get("/contact", contact).post("/confirmation", confirmation ).get("/about", about);
[INFO] [stdout]    |                                                                                          ^^^ --------  ----- supplied 2 arguments
[INFO] [stdout]    |                                                                                          |
[INFO] [stdout]    |                                                                                          expected 3 arguments
[INFO] [stdout] 
[INFO] [stdout] 
[INFO] [stdout] error[E0061]: this function takes 0 arguments but 2 arguments were supplied
[INFO] [stdout]    --> src/main.rs:104:22
[INFO] [stdout]     |
[INFO] [stdout] 104 |     chain.link_after(HandlebarsEngine::new("./views/", ".html"));
[INFO] [stdout]     |                      ^^^^^^^^^^^^^^^^^^^^^ ----------  ------- supplied 2 arguments
[INFO] [stdout]     |                      |
[INFO] [stdout]     |                      expected 0 arguments
[INFO] [stdout] 
[INFO] [stdout] 
[INFO] [stdout] error[E0061]: this function takes 3 arguments but 2 arguments were supplied
[INFO] [stdout]   --> src/main.rs:99:12
[INFO] [stdout]    |
[INFO] [stdout] 99 |     router.get("/", index).get("/contact", contact).post("/confirmation", confirmation ).get("/about", about);
[INFO] [stdout]    |            ^^^ ---  ----- supplied 2 arguments
[INFO] [stdout]    |            |
[INFO] [stdout]    |            expected 3 arguments
[INFO] [stdout] 
[INFO] [stdout] 
[INFO] [stdout] error[E0061]: this function takes 3 arguments but 2 arguments were supplied
[INFO] [stdout]   --> src/main.rs:99:28
[INFO] [stdout]    |
[INFO] [stdout] 99 |     router.get("/", index).get("/contact", contact).post("/confirmation", confirmation ).get("/about", about);
[INFO] [stdout]    |                            ^^^ ----------  ------- supplied 2 arguments
[INFO] [stdout]    |                            |
[INFO] [stdout]    |                            expected 3 arguments
[INFO] [stdout] 
[INFO] [stdout] 
[INFO] [stdout] error[E0061]: this function takes 3 arguments but 2 arguments were supplied
[INFO] [stdout]   --> src/main.rs:99:53
[INFO] [stdout]    |
[INFO] [stdout] 99 |     router.get("/", index).get("/contact", contact).post("/confirmation", confirmation ).get("/about", about);
[INFO] [stdout]    |                                                     ^^^^ ---------------  ------------ supplied 2 arguments
[INFO] [stdout]    |                                                     |
[INFO] [stdout]    |                                                     expected 3 arguments
[INFO] [stdout] 
[INFO] [stdout] 
[INFO] [stdout] error[E0061]: this function takes 3 arguments but 2 arguments were supplied
[INFO] [stdout]   --> src/main.rs:99:90
[INFO] [stdout]    |
[INFO] [stdout] 99 |     router.get("/", index).get("/contact", contact).post("/confirmation", confirmation ).get("/about", about);
[INFO] [stdout]    |                                                                                          ^^^ --------  ----- supplied 2 arguments
[INFO] [stdout]    |                                                                                          |
[INFO] [stdout]    |                                                                                          expected 3 arguments
[INFO] [stdout] 
[INFO] [stdout] 
[INFO] [stdout] error[E0061]: this function takes 0 arguments but 2 arguments were supplied
[INFO] [stdout]    --> src/main.rs:104:22
[INFO] [stdout]     |
[INFO] [stdout] 104 |     chain.link_after(HandlebarsEngine::new("./views/", ".html"));
[INFO] [stdout]     |                      ^^^^^^^^^^^^^^^^^^^^^ ----------  ------- supplied 2 arguments
[INFO] [stdout]     |                      |
[INFO] [stdout]     |                      expected 0 arguments
[INFO] [stdout] 
[INFO] [stdout] 
[INFO] [stdout] error[E0277]: the trait bound `rustc_serialize::json::Json: serde::ser::Serialize` is not satisfied
[INFO] [stdout]   --> src/main.rs:38:44
[INFO] [stdout]    |
[INFO] [stdout] 38 |         res.set_mut(Template::new("index", data)).set_mut(status::Ok);
[INFO] [stdout]    |                                            ^^^^ the trait `serde::ser::Serialize` is not implemented for `rustc_serialize::json::Json`
[INFO] [stdout]    | 
[INFO] [stdout]   ::: /opt/rustwide/cargo-home/registry/src/github.com-1ecc6299db9ec823/handlebars-iron-0.29.0/src/middleware.rs:25:19
[INFO] [stdout]    |
[INFO] [stdout] 25 |     pub fn new<T: ToJson>(name: &str, value: T) -> Template {
[INFO] [stdout]    |                   ------ required by this bound in `handlebars_iron::Template::new`
[INFO] [stdout]    |
[INFO] [stdout]    = note: required because of the requirements on the impl of `serde::ser::Serialize` for `BTreeMap<std::string::String, rustc_serialize::json::Json>`
[INFO] [stdout] 
[INFO] [stdout] 
[INFO] [stdout] error[E0277]: the trait bound `rustc_serialize::json::Json: serde::ser::Serialize` is not satisfied
[INFO] [stdout]   --> src/main.rs:48:46
[INFO] [stdout]    |
[INFO] [stdout] 48 |         res.set_mut(Template::new("contact", data)).set_mut(status::Ok);
[INFO] [stdout]    |                                              ^^^^ the trait `serde::ser::Serialize` is not implemented for `rustc_serialize::json::Json`
[INFO] [stdout]    | 
[INFO] [stdout]   ::: /opt/rustwide/cargo-home/registry/src/github.com-1ecc6299db9ec823/handlebars-iron-0.29.0/src/middleware.rs:25:19
[INFO] [stdout]    |
[INFO] [stdout] 25 |     pub fn new<T: ToJson>(name: &str, value: T) -> Template {
[INFO] [stdout]    |                   ------ required by this bound in `handlebars_iron::Template::new`
[INFO] [stdout]    |
[INFO] [stdout]    = note: required because of the requirements on the impl of `serde::ser::Serialize` for `BTreeMap<std::string::String, rustc_serialize::json::Json>`
[INFO] [stdout] 
[INFO] [stdout] 
[INFO] [stdout] error[E0277]: the trait bound `rustc_serialize::json::Json: serde::ser::Serialize` is not satisfied
[INFO] [stdout]   --> src/main.rs:82:51
[INFO] [stdout]    |
[INFO] [stdout] 82 |         res.set_mut(Template::new("confirmation", data)).set_mut(status::Ok);
[INFO] [stdout]    |                                                   ^^^^ the trait `serde::ser::Serialize` is not implemented for `rustc_serialize::json::Json`
[INFO] [stdout]    | 
[INFO] [stdout]   ::: /opt/rustwide/cargo-home/registry/src/github.com-1ecc6299db9ec823/handlebars-iron-0.29.0/src/middleware.rs:25:19
[INFO] [stdout]    |
[INFO] [stdout] 25 |     pub fn new<T: ToJson>(name: &str, value: T) -> Template {
[INFO] [stdout]    |                   ------ required by this bound in `handlebars_iron::Template::new`
[INFO] [stdout]    |
[INFO] [stdout]    = note: required because of the requirements on the impl of `serde::ser::Serialize` for `BTreeMap<std::string::String, rustc_serialize::json::Json>`
[INFO] [stdout] 
[INFO] [stdout] 
[INFO] [stdout] error[E0277]: the trait bound `rustc_serialize::json::Json: serde::ser::Serialize` is not satisfied
[INFO] [stdout]   --> src/main.rs:38:44
[INFO] [stdout]    |
[INFO] [stdout] 38 |         res.set_mut(Template::new("index", data)).set_mut(status::Ok);
[INFO] [stdout]    |                                            ^^^^ the trait `serde::ser::Serialize` is not implemented for `rustc_serialize::json::Json`
[INFO] [stdout]    | 
[INFO] [stdout]   ::: /opt/rustwide/cargo-home/registry/src/github.com-1ecc6299db9ec823/handlebars-iron-0.29.0/src/middleware.rs:25:19
[INFO] [stdout]    |
[INFO] [stdout] 25 |     pub fn new<T: ToJson>(name: &str, value: T) -> Template {
[INFO] [stdout]    |                   ------ required by this bound in `handlebars_iron::Template::new`
[INFO] [stdout]    |
[INFO] [stdout]    = note: required because of the requirements on the impl of `serde::ser::Serialize` for `BTreeMap<std::string::String, rustc_serialize::json::Json>`
[INFO] [stdout] 
[INFO] [stdout] 
[INFO] [stdout] error[E0277]: the trait bound `rustc_serialize::json::Json: serde::ser::Serialize` is not satisfied
[INFO] [stdout]   --> src/main.rs:92:44
[INFO] [stdout]    |
[INFO] [stdout] 92 |         res.set_mut(Template::new("about", data)).set_mut(status::Ok);
[INFO] [stdout]    |                                            ^^^^ the trait `serde::ser::Serialize` is not implemented for `rustc_serialize::json::Json`
[INFO] [stdout]    | 
[INFO] [stdout]   ::: /opt/rustwide/cargo-home/registry/src/github.com-1ecc6299db9ec823/handlebars-iron-0.29.0/src/middleware.rs:25:19
[INFO] [stdout]    |
[INFO] [stdout] 25 |     pub fn new<T: ToJson>(name: &str, value: T) -> Template {
[INFO] [stdout]    |                   ------ required by this bound in `handlebars_iron::Template::new`
[INFO] [stdout]    |
[INFO] [stdout]    = note: required because of the requirements on the impl of `serde::ser::Serialize` for `BTreeMap<std::string::String, rustc_serialize::json::Json>`
[INFO] [stdout] 
[INFO] [stdout] 
[INFO] [stdout] error: aborting due to 9 previous errors
[INFO] [stdout] 
[INFO] [stdout] 
[INFO] [stdout] Some errors have detailed explanations: E0061, E0277.
[INFO] [stdout] 
[INFO] [stdout] For more information about an error, try `rustc --explain E0061`.
[INFO] [stdout] 
[INFO] [stderr] error: could not compile `cs-iron`.
[INFO] [stdout] error[E0277]: the trait bound `rustc_serialize::json::Json: serde::ser::Serialize` is not satisfied
[INFO] [stdout]   --> src/main.rs:48:46
[INFO] [stdout]    |
[INFO] [stdout] 48 |         res.set_mut(Template::new("contact", data)).set_mut(status::Ok);
[INFO] [stdout]    |                                              ^^^^ the trait `serde::ser::Serialize` is not implemented for `rustc_serialize::json::Json`
[INFO] [stdout]    | 
[INFO] [stdout]   ::: /opt/rustwide/cargo-home/registry/src/github.com-1ecc6299db9ec823/handlebars-iron-0.29.0/src/middleware.rs:25:19
[INFO] [stdout]    |
[INFO] [stdout] 25 |     pub fn new<T: ToJson>(name: &str, value: T) -> Template {
[INFO] [stdout]    |                   ------ required by this bound in `handlebars_iron::Template::new`
[INFO] [stdout]    |
[INFO] [stdout]    = note: required because of the requirements on the impl of `serde::ser::Serialize` for `BTreeMap<std::string::String, rustc_serialize::json::Json>`
[INFO] [stdout] 
[INFO] [stdout] 
[INFO] [stderr] 
[INFO] [stdout] error[E0277]: the trait bound `rustc_serialize::json::Json: serde::ser::Serialize` is not satisfied
[INFO] [stdout]   --> src/main.rs:82:51
[INFO] [stdout]    |
[INFO] [stdout] 82 |         res.set_mut(Template::new("confirmation", data)).set_mut(status::Ok);
[INFO] [stdout]    |                                                   ^^^^ the trait `serde::ser::Serialize` is not implemented for `rustc_serialize::json::Json`
[INFO] [stdout]    | 
[INFO] [stdout]   ::: /opt/rustwide/cargo-home/registry/src/github.com-1ecc6299db9ec823/handlebars-iron-0.29.0/src/middleware.rs:25:19
[INFO] [stdout]    |
[INFO] [stdout] 25 |     pub fn new<T: ToJson>(name: &str, value: T) -> Template {
[INFO] [stdout]    |                   ------ required by this bound in `handlebars_iron::Template::new`
[INFO] [stdout]    |
[INFO] [stdout]    = note: required because of the requirements on the impl of `serde::ser::Serialize` for `BTreeMap<std::string::String, rustc_serialize::json::Json>`
[INFO] [stdout] 
[INFO] [stdout] 
[INFO] [stderr] To learn more, run the command again with --verbose.
[INFO] [stderr] warning: build failed, waiting for other jobs to finish...
[INFO] [stdout] error[E0277]: the trait bound `rustc_serialize::json::Json: serde::ser::Serialize` is not satisfied
[INFO] [stdout]   --> src/main.rs:92:44
[INFO] [stdout]    |
[INFO] [stdout] 92 |         res.set_mut(Template::new("about", data)).set_mut(status::Ok);
[INFO] [stdout]    |                                            ^^^^ the trait `serde::ser::Serialize` is not implemented for `rustc_serialize::json::Json`
[INFO] [stdout]    | 
[INFO] [stdout]   ::: /opt/rustwide/cargo-home/registry/src/github.com-1ecc6299db9ec823/handlebars-iron-0.29.0/src/middleware.rs:25:19
[INFO] [stdout]    |
[INFO] [stdout] 25 |     pub fn new<T: ToJson>(name: &str, value: T) -> Template {
[INFO] [stdout]    |                   ------ required by this bound in `handlebars_iron::Template::new`
[INFO] [stdout]    |
[INFO] [stdout]    = note: required because of the requirements on the impl of `serde::ser::Serialize` for `BTreeMap<std::string::String, rustc_serialize::json::Json>`
[INFO] [stdout] 
[INFO] [stdout] 
[INFO] [stdout] error: aborting due to 9 previous errors
[INFO] [stdout] 
[INFO] [stdout] 
[INFO] [stdout] Some errors have detailed explanations: E0061, E0277.
[INFO] [stdout] 
[INFO] [stdout] For more information about an error, try `rustc --explain E0061`.
[INFO] [stdout] 
[INFO] [stderr] error: build failed
[INFO] running `Command { std: "docker" "inspect" "c46dcef3be9ed1942a7cdb909a682c29ace7ad130ca517893d57b60a32d979d5", kill_on_drop: false }`
[INFO] running `Command { std: "docker" "rm" "-f" "c46dcef3be9ed1942a7cdb909a682c29ace7ad130ca517893d57b60a32d979d5", kill_on_drop: false }`
[INFO] [stdout] c46dcef3be9ed1942a7cdb909a682c29ace7ad130ca517893d57b60a32d979d5
